b + 303 = 2*j + 108, -3*b = -5*j + 459. Suppose -w - w + j = 0. What is the remainder when w is divided by z?
6
Let h be -1 + (-3 - -35) + 5. Let w = h - 21. Calculate the remainder when 46 is divided by w.
1
Let a be 9*(88/(-12))/(-11). Suppose 133 = -a*r + 217. What is the remainder when 417 is divided by r?
11
Suppose 1462 - 67 = 5*q. Suppose -q = 4*i - 7*i. Calculate the remainder when i is divided by 32.
29
Suppose -580 = -5*r - 2*p, -5*r + 610 = -0*r - 4*p. Let x be (165/44)/(1/4). What is the remainder when r is divided by (40/x)/((-2)/(-2*9))?
22
Suppose 22 = -4*y - 7*y. What is the remainder when -51*y/(-24)*-4 is divided by 38/8 - (-1)/4?
2
Let c be (0 + (2 - 2))/2 + 180. Let i = -132 + c. What is the remainder when 143 is divided by i?
47
Let v(w) = -3*w**3 - 4*w**2 + 6*w + 8. Suppose -25*z - 19 - 31 = 0. What is the remainder when 11 is divided by v(z)?
3
Let q(m) = -m**2 - 7*m + 114. Let g be q(7). What is the remainder when (387 + g + -13)*(-1)/(-2) is divided by 14?
13
Let s = -130 + 10. Let a = s + 131. Calculate the remainder when a is divided by 7.
4
Suppose -r + 0*r = 3, -r = -2*i + 333. Suppose 31*p - 322 + 66 = 147. Calculate the remainder when i is divided by p.
9
Suppose 3*h - 9099 = -3*u, 3*h - 4*u - 15219 = -2*h. Calculate the remainder when h is divided by 18.
15
Suppose 0 = 2*g - 6 - 8. Let v(l) = 8 + l**2 - 3*l - 3 - g. Calculate the remainder when v(-5) is divided by 10.
8
What is the remainder when 10938/10 + 0 - 35/(-175) is divided by 20?
14
Let u(v) = 399*v + 3679. Calculate the remainder when u(-8) is divided by 17.
11
Let k = 7253 - 7225. What is the remainder when 13635 is divided by k?
27
Let t(m) = 5*m**2 - 17*m - 23. Let a be t(7). Suppose 361 = 3*u + a. Calculate the remainder when u is divided by 29.
28
Let c(t) = t**3 + 73*t**2 + 143*t + 369. What is the remainder when c(-71) is divided by 111?
76
Let d(c) = 16*c**2 + c - 13. Let k(u) = -5*u + 2. Let v be k(9). Let l = -10 - v. Calculate the remainder when d(-3) is divided by l.
29
Let w be 347802/455 - (-1 - (-14)/10). Suppose -644 + w = 10*j. Calculate the remainder when 179 is divided by j.
11
Let p = -1458 + 2156. Let q = p + -601. What is the remainder when q is divided by 40?
17
Let v(u) = -2*u**3 + 16*u**2 + 142*u - 937. What is the remainder when v(6) is divided by 40/3*3/2?
19
Let v(r) = -2*r**3 + 72*r**2 + 3*r - 86. Let h = 58 - -7. What is the remainder when -1 + 3/3 + h is divided by v(36)?
21
Let l(d) = -210*d - 13. Suppose -3*m = -k - 10, -4 = 3*k + 2*m + 26. Let w be l(k). Suppose 9*a - w + 404 = 0. Calculate the remainder when a is divided by 21.
19
Let x = 28 + 242. Let t = -171 + x. Calculate the remainder when t is divided by 25.
24
Let i(c) = 5*c**2 + 9*c - 1. Let j(p) = p**2 - p. Let m(k) = i(k) - 3*j(k). Let s be m(-6). Calculate the remainder when s - -2 - (1 + -2)*10 is divided by 6.
5
Let n(q) = q**2 - 48*q + 331. Calculate the remainder when (14/(-5))/((-5)/50) is divided by n(40).
6
Let x be ((-96)/28)/(6/189). Let d = -76 - x. Calculate the remainder when 122 is divided by d.
26
Suppose -4*n = -48 - 84. Suppose -3*o + 581 = 2*z, 26*o - 5*z = 25*o + 205. Suppose -10*u + o = 155. Calculate the remainder when n is divided by u.
1
Let y = -397 - -308. Suppose 585 = -d + 6*d - 5*w, -4*d + 471 = -5*w. Let v = y + d. Calculate the remainder when v is divided by 7.
4
Let i(r) = -54*r + 1607. Calculate the remainder when 138 is divided by i(29).
15
Let q(t) = t**2 + 41*t + 263. What is the remainder when q(19) is divided by 108?
107
Suppose -3*o = -5*l + 1, -5 = 7*o - 4*o - l. What is the remainder when (-3985)/(-10)*(o - -4) is divided by 42?
41
Let x(n) = -n + 48. Let r be x(9). Suppose 35*d = r*d - 64. Calculate the remainder when 156 is divided by d.
12
Suppose -189 = -4*g + 195. Let a = -921 - -931. Calculate the remainder when g is divided by a.
6
Suppose 3*q - 5*p - 54 = 0, -4*q + 2*p + 43 + 29 = 0. Let r be (-7838)/14 + 2 - 26/182. Let a = r - -585. Calculate the remainder when a is divided by q.
9
Let i = 6790 + -6784. Calculate the remainder when 677 is divided by i.
5
Let q be -1 + (12 - (1 + -5)). Suppose -3*d = -q + 6. Suppose 0 = -2*z + 3*a - 8*a + 106, 0 = -3*z - d*a + 159. What is the remainder when z is divided by 18?
17
Let y = 8 + 7. Suppose 0 = r - 2*d - 100, -88 = -r - 290*d + 294*d. Calculate the remainder when r is divided by y.
7
Suppose 1 = c - 3. Suppose 0 = 3*v + 5*d - 36 + 39, -5 = 5*v + 6*d. Calculate the remainder when 52 is divided by 36/(v + -1 + c).
16
Let l(f) = -f**3 + 11*f**2 - 30*f + 2. Suppose -26*c - 57 = -343. What is the remainder when c is divided by l(6)?
1
Let t(m) be the first derivative of -m**3/3 - 11*m**2 - 65*m - 96. What is the remainder when 82 is divided by t(-18)?
5
Let m(q) = 33*q + 222. Let l be m(-6). Let x(y) = y**2 - 7*y + 13. Calculate the remainder when x(l) is divided by 71.
66
Suppose r + 4*r = -10. Let q(o) = o**2 - 20*o - 3. Let j be q(-7). What is the remainder when r/(-3)*j/4 is divided by 17?
14
Suppose -5*m = 182 - 197. Suppose -5*s + m*f = -3*s - 61, -5*f - 55 = -2*s. Calculate the remainder when s is divided by 13.
9
Suppose -17*s - 18 = 16. Let o(w) = w**3 + 3*w**2 - 4*w - 5. Calculate the remainder when 24 is divided by o(s).
3
Let r = 6 - 7. Let w = 937 - 918. What is the remainder when (-1)/((-1)/(-67)*r) is divided by w?
10
Let v = -18631 - -18811. Suppose 0 = -k + 3*j + 2*j + 31, -5*k + 4*j + 218 = 0. Suppose -3*n - 4 = -k. What is the remainder when v is divided by n?
12
Let u = -4068 + 4111. What is the remainder when 1245 is divided by u?
41
Let r(d) = -3*d - d**3 - 21 + 12*d**2 + 77 + 1. What is the remainder when r(12) is divided by 12?
9
Let s be -4*(-7)/(-84)*0. Suppose s = x - 204 + 90. Let n(h) = -h**2 - 9*h + 5. What is the remainder when x is divided by n(-6)?
22
Let a(x) = 176*x**2 - 14*x + 9. Let r be a(10). Let s be (-4)/22 - r/297. Let j = 102 + s. Calculate the remainder when j is divided by 15.
13
Let s = 63 - -53. Suppose -4*m - 3*h - h = -s, 2*m - 57 = -h. Suppose 0 = -3*t + 67 - m. What is the remainder when t is divided by 4?
1
Suppose -256*b = -230*b - 2834. Calculate the remainder when 376 is divided by b.
49
Let y = -10 + 16. Suppose s + 0*x - 15 = -5*x, 2*s - y = 2*x. What is the remainder when 44 is divided by s?
4
Let x(j) = -21*j**3 + 2*j + 1. What is the remainder when x(-2) is divided by 2*(-36)/(-96)*4 + 18?
18
Let a be (-6)/(-3)*2 + 0. Suppose 19 + 33 = a*n. Let h = 3874 + -3839. What is the remainder when h is divided by n?
9
Let q be (170/5 - -2)*7/3. Suppose 0 = -5*k + u + q, 5*k = -0*k + 4*u + 81. Let o = 35 + -4. Calculate the remainder when o is divided by k.
14
Suppose 2*j = 4*m - 176, -11*j = -2*m - 15*j + 98. Calculate the remainder when (196 + -2)/(30/m) is divided by 59.
55
Suppose 4*i + 22 = -2*j, 22*j - 25 = 27*j. What is the remainder when (-2)/((-4)/(-78))*-1 is divided by i/(-18) - 855/(-54)?
7
Let w(a) = -a**3 + 33*a**2 - 37*a - 294. Calculate the remainder when w(15) is divided by 229.
224
Suppose -4*c = 18*c - 212 - 74. Let w(m) = 1. Let v(a) = -4*a - 4. Let t(p) = v(p) + 3*w(p). Calculate the remainder when t(-6) is divided by c.
10
Suppose -4*c - c = 10. Let j(q) = 9*q**2 + q + 3. Let w be j(c). Suppose w*x - 40*x + 60 = 0. What is the remainder when 139 is divided by x?
19
Let h(n) = 115*n - 3397. What is the remainder when h(34) is divided by 247?
19
Let d(t) = 7*t**2 + 70*t - 486. Suppose 4*j - 3*j + 10 = 0. Let u = 10 - j. What is the remainder when d(5) is divided by u?
19
Suppose 2*x + 3*g - 18 = -2*g, 3*x - 3*g - 48 = 0. Suppose 341 = 7*p + 5. Calculate the remainder when x is divided by 1/(-3) - (-448)/p.
5
Let l(b) = 2*b**3 - 12*b**2 + 14*b. Calculate the remainder when 777 is divided by l(7).
189
Let c be (-19)/(-2) - (-5)/(-10). Suppose 0 = 6*w - 7*w + c. Suppose -3*v - 5*g = -40, -7*v + g + 10 = -4*v. What is the remainder when w is divided by v?
4
Let z(r) = 130*r + 3739. What is the remainder when 1505 is divided by z(-23)?
7
Suppose 0 = 798*z - 756*z - 115206. Calculate the remainder when z is divided by 98.
97
Let q = 3577 - 3146. What is the remainder when q is divided by 110?
101
Suppose -4*r + 432 - 36 = -4*q, -369 = -4*r - 5*q. What is the remainder when r is divided by 2*5/((-30)/(